 m be i(9). Let l be 39928/18 + (m/63)/(-4). What are the prime factors of l/14 + (-12)/28?
2, 79
Let p(v) = v**2 - 19. Let b be p(0). Suppose 0 = -6*t + 21*t + 300. List the prime factors of (-5)/(t/(-8))*b.
2, 19
Suppose 24 = -3*y + 15. Let p(r) = -12*r**3 + 7*r**2 + 13*r + 8. What are the prime factors of p(y)?
2, 89
Let h = 412 - 413. What are the prime factors of (h/3)/((-40)/63240)?
17, 31
Let k(w) = -22*w**3 - 3*w**2 - 2*w - 4. Suppose -2*c + 4*f + 6 + 6 = 0, -4*c + 24 = -2*f. Let h be (-1)/4 - (-68)/16 - c. What are the prime factors of k(h)?
2, 41
Let n(q) = q**3 + 3*q**2 - 4*q + 2. Let v be n(-4). Suppose -3*m + 6*m = i - 512, 0 = m + 5*i + 160. List the prime factors of ((-3)/(-10)*-2)/(v/m).
3, 17
Suppose 5*j = -5*g - 1220, -18*j = 2*g - 19*j + 488. Let f be 406/(-2)*(-5 - -3). Let t = g + f. List the prime factors of t.
2, 3
Suppose -i + 5801 = -2*t - 898, -33523 = -5*i - 4*t. What are the prime factors of i?
6703
Let u(f) = -4*f**3 - 4*f**2 + 10*f - 24. Let y be u(5). List the prime factors of (6 + 1)*(-107092)/y.
2, 653
Suppose 6*g - 5*t = 3*g + 15314, 0 = 2*g + 4*t - 10224. List the prime factors of g.
2, 1277
What are the prime factors of ((16956/20)/(-9) - 1)/((-1)/30)?
2, 3, 7, 17
Let b(s) = 7865*s**2 + 102*s + 3. List the prime factors of b(-2).
31259
Let i = 7849 - 7865. Let s(r) = -r - 1. Let o(z) = -8. Let c(u) = o(u) + 12*s(u). List the prime factors of c(i).
2, 43
Suppose -158*u - 37562 = -3*x - 159*u, x = 5*u + 12542. List the prime factors of x.
2, 3, 2087
Let b = -12340 - -28898. What are the prime factors of b?
2, 17, 487
Let f(q) be the second derivative of -10/3*q**3 + 1/6*q**4 + 4*q**2 + 35*q + 0. What are the prime factors of f(13)?
2, 43
What are the prime factors of 6945 - ((27 - 35) + 6)?
6947
Let f(u) = u**3 - 4*u**2 + 4*u + 2. Let r be f(2). Suppose 0 = -r*b - 0*b - j + 74, -3*j = -3*b + 129. Suppose b*y + 387 = 42*y. List the prime factors of y.
3, 43
Let s = -5537 - -5464. Suppose 0 = -z + 3*b + 2*b - 106, -5*b = 5*z + 410. Let n = s - z. What are the prime factors of n?
13
Suppose -12*j - 549 = -2529. Let k = j + -141. List the prime factors of k.
2, 3
Let f be 4 + 9/18*8/(-2). Suppose -3*r = f*r - 2085. What are the prime factors of r?
3, 139
Suppose 43*p + 279299 = 72*p. What are the prime factors of p?
9631
Let m(q) be the third derivative of -q**6/120 - 7*q**5/30 - q**4/12 - 31*q**3/6 - 11*q**2. Suppose -12 = 8*z + 108. List the prime factors of m(z).
2, 7
Let j = 49 - 47. Let x be (-2)/4*-8 + 6/j. Suppose 4*p + x + 1 = 0, -s = 2*p - 99. What are the prime factors of s?
103
Let z = -599 - -430. Let f = 201 - z. List the prime factors of f.
2, 5, 37
Suppose -4*w - 4 = 0, -18 = -0*l - 5*l + 3*w. Suppose 418 = q + l*m, -q + 11*m + 433 = 9*m. List the prime factors of q.
7, 61
Let t(h) = -21*h - 2. Let z be t(-6). Suppose -77*y + 76*y + z = 0. What are the prime factors of y?
2, 31
Let g be -4 + 12 + -4 - 28. Let k(q) = -1. Let x(w) = 12*w - 44. Let y(s) = g*k(s) + x(s). List the prime factors of y(4).
2, 7
Suppose -125*s + 47560 = 2658 - 38473. What are the prime factors of s?
23, 29
Suppose 13936 = 2*s - 2*q, -105*s + q = -100*s - 34860. What are the prime factors of s?
19, 367
Let j(v) = -74*v - 2221. List the prime factors of j(-71).
3, 337
Let g(f) be the second derivative of 1/20*f**5 + 0 - 3/2*f**3 - 5/2*f**2 + 20*f + 7/12*f**4. What are the prime factors of g(-6)?
5, 17
Let t(h) = 686*h**2 + 179 - 354 + 0*h + 177 + 6*h. List the prime factors of t(1).
2, 347
Let n(t) = 5*t + 4*t + 6 + 15*t**2 + 2*t. Let x be n(-6). Suppose 10*o = 16*o - x. List the prime factors of o.
2, 5
Let w(r) = r**3 - 19*r**2 - 42*r - 196. What are the prime factors of w(28)?
2, 7, 29
Let j(l) = -l**2 - 161*l + 206. What are the prime factors of j(-95)?
2, 1619
Let m(v) = 2 + 226*v**2 + 3 - 221*v**2 - 9*v. Let n(z) = -z**2 - 7*z. Let c be n(-6). List the prime factors of m(c).
131
Suppose -x = -3*o + 7, 9*o + 4*x - 23 = 4*o. Suppose -v - 4*v = -a + 20, o*a - 4*v = 38. Let t(j) = 2*j - 15. What are the prime factors of t(a)?
5
List the prime factors of 6/(-24) + 1 + -4 + (-45405)/(-4).
2, 2837
Let i(q) be the first derivative of -q**4/4 - q**3/3 + 15*q + 1. Let n(a) = a**3 - 28*a**2 + 9*a - 252. Let y be n(28). What are the prime factors of i(y)?
3, 5
Suppose -56524 = -12*d + 48128. List the prime factors of d.
3, 17, 19
Suppose 0 = -13*y + 14*y + 343. Let r = 764 + y. What are the prime factors of r?
421
Let g(c) = 7*c**2 - 20*c + 17. Let v be 8*(1 - (3 - 0)). Let b(q) = -6*q - 88. Let p be b(v). What are the prime factors of g(p)?
5, 61
Suppose 11 + 199 = 5*m + 3*z, 2*z = -2*m + 84. List the prime factors of ((-2102)/(-6) - 1)/(m/63).
2, 131
Let n = 1414 + -1415. Let q(r) be the third derivative of -35*r**6/24 - r**5/30 - r**4/6 - r**3/3 + 4*r**2. What are the prime factors of q(n)?
5, 7
Suppose -47*c + 51*c + 4*z - 174640 = 0, c + 3*z = 43664. List the prime factors of c.
2, 83, 263
Suppose -3*c = -w, -w = -4*w + 2*c. Suppose w = -5*j + 4*s + 980, 392 = 2*j - s + 4*s. What are the prime factors of j?
2, 7
Let t be 3 + 2 + 2 + 8. Let q be 66/((10/t)/((-8)/(-12))). Suppose q = 12*w - 1578. List the prime factors of w.
137
Let p(j) = -1504*j - 460. List the prime factors of p(-7).
2, 3, 839
Let u(q) = -q**2 + 83*q - 147. List the prime factors of u(29).
3, 11, 43
Suppose 2*l + 6*l = -1328. List the prime factors of (9/9)/((-1)/l).
2, 83
Let m(s) be the second derivative of 4*s**3/3 + 24*s**2 - 26*s. Let d be m(-8). Let i = -12 - d. List the prime factors of i.
2
Suppose 0*h - 5*h + 346 = 3*k, -5*k - 2*h + 545 = 0. Suppose -x + 157 = f, 2*x + 3*f - 205 - k = 0. Suppose 2*v = 41 + x. What are the prime factors of v?
2, 5
Let f = -47 - -24. Let g = 19 + f. Let u(q) = -q**3 - q + 2. What are the prime factors of u(g)?
2, 5, 7
Suppose 18*b = -149961 + 409341. List the prime factors of b.
2, 5, 11, 131
Suppose -50 = -3*z - 38. List the prime factors of (-1)/8*818*-1*z.
409
Let b(r) = 55*r**2 + 3*r - 4. Let g be b(-5). Suppose -6*a + 3*a + g = 0. Suppose 21*k = 25*k - a. What are the prime factors of k?
113
Let o = 1090 - 1060. Let x be ((-17)/(-2))/(3/42). Let f = x - o. List the prime factors of f.
89
Let w = -559 + 298. Suppose -2*j - 53 = x - 475, 2*j = 4*x - 1638. Let f = w + x. List the prime factors of f.
151
Let a(x) = 19*x + 3. Let s(q) = -94*q - 16. Let u(p) = 33*a(p) + 6*s(p). What are the prime factors of u(1)?
2, 3, 11
Suppose -3*b = k, 0 = -4*b - 0*b - 5*k. Suppose b = 6*m - 2161 - 1253. List the prime factors of m.
569
Let x be 175/20*-6*(-24)/(-10). What are the prime factors of x/(-10)*(49 - 4/1)?
3, 7
Let r be ((-6)/((-8)/(-4)))/((-9)/84). Suppose -7*j - 14 = r. What are the prime factors of 2/(-3) - 628/j?
2, 13
List the prime factors of (98/7)/((-1)/(-457)).
2, 7, 457
Let u(t) = -5759*t - 463. What are the prime factors of u(-2)?
3, 5, 11, 67
Let g(f) = 49*f**3 - f**2 - 598*f + 1191*f - 1 + 4*f**2 - 594*f. List the prime factors of g(1).
2, 5
Suppose u - 340 = 3*u. Suppose 0 = -2*c - 4*r + 3*r + 574, c - 292 = 2*r. Let v = u + c. List the prime factors of v.
2, 59
Let v(z) = 6645*z - 3. Let j be v(-1). List the prime factors of (j/(-40))/(4 + (-95)/25).
3, 277
Suppose -145*i + 150*i = r - 6795, 0 = 3*r + 4*i - 20480. List the prime factors of r.
2, 5, 11, 31
Let k(w) = w**3 + 25*w**2 - 9*w + 69. Let i be k(-23). Suppose -10*o + 2006 = -i. What are the prime factors of o?
2, 167
Suppose -2*m + 5*c - 159 = 0, 8*m = 4*m - c - 263. Let z = 33 - m. What are the prime factors of z?
2, 5
Let k(s) = 79*s**2 + 4*s - 4. Let w(z) = z**2 - 3*z - 3. Let t be w(4). What are the prime factors of k(t)?
79
Let j = -199 - -935. Suppose -5*a = -3*a - j. What are the prime factors of a?
2, 23
Let i(m) = 0*m + 26*m**2 - 12*m - 7 + 8*m - 2*m**2. Let t = -77 + 75. What are the prime factors of i(t)?
97
Let u(s) = -4*s**3 - 13*s**2 - 10*s - 6. Let z be u(-3). Suppose 4*x = 7*x + z, -7415 = -5*k + x. What are the prime factors of k?
2, 3, 13, 19
Let c be 1 + 199/(-4) + (-19)/76. Let t = c + 52. Suppose -t*m = -7*m + 652. What are the prime factors of m?
163
Let t = 39885 + -23177. What are the prime factors of t?
2, 4177
Suppose -71*k + 101*k + 210 = 0. List the prime factors of 2/k - (-4 + 21046/(-14)).
11, 137
Let i(g) = 4*g**2 